p?
1
Let t(r) = 3*r**2 + 2*r - 5. Let j be t(-3). Let a = j + -11. What is the greatest common divisor of 15 and a?
5
Let g = -13 + 21. Let r(c) = 25*c. Let l(h) = 67*h - 1. Let n(o) = 3*l(o) - 8*r(o). Let q be n(g). What is the greatest common factor of q and 35?
5
Suppose 4*k + 0*k + 92 = 0. Let s = k + 55. What is the highest common divisor of 16 and s?
16
Let s = 167 - 72. Calculate the highest common factor of 15 and s.
5
Let w be (1 + -2)*(-57 - -48). What is the greatest common factor of 72 and w?
9
Let n = -11 + 15. Suppose 3*t + 6 = t. Let g be (-15)/(-9) + 2/t. What is the greatest common divisor of n and g?
1
Let s be (-1630)/8*56/(-35). What is the highest common factor of s and 489?
163
Suppose 0 = 17*f - 3910 - 2278. What is the highest common divisor of 13 and f?
13
Let r(f) = 2*f**2 - 4*f + 35. Let o be r(18). Calculate the highest common divisor of 47 and o.
47
Suppose 0*t - 4*t = 12. Let l be t/((-4)/(0 - -128)). Let r = l - 24. Calculate the highest common divisor of 9 and r.
9
Let r(k) = k + 89. Let d be r(-30). Suppose 0 = -2*s + 23 - 65. Let x = s + d. What is the highest common divisor of 19 and x?
19
Let u be 18/(-144) + 49/8. Calculate the greatest common factor of u and 294.
6
Let j(t) = 11*t**2 + 21*t + 11. Let w be j(-7). Calculate the highest common factor of 13 and w.
13
Suppose -178*z = -169*z - 18. Suppose 4*b = w + 6, -w - 5*b - 2 = -14. What is the greatest common divisor of z and w?
2
Let h = -71 + 64. Let w(m) = -9*m - 21. Let r be w(h). What is the highest common divisor of r and 378?
42
Let f be (30/5)/((-2)/(-27)). Suppose 0 = 2*t - 82 - 26. Suppose t = m - f. What is the highest common factor of 54 and m?
27
Let q(y) = 12*y**2 + 11*y - 5. Let d be q(-5). Calculate the greatest common factor of d and 48.
48
Suppose 0 = 2*z - 0*z - 6, 5*y - z - 402 = 0. Let q be -5 + 12/(-15)*-5. Let l be q/((-105)/(-27) + -4). What is the greatest common factor of l and y?
9
Let n be 3 - (-4)/(4/41). Suppose -5*q = 16 - 6. Let x(s) = -2*s**3 - s**2 - 1. Let o be x(q). What is the greatest common divisor of n and o?
11
Let i(f) = f**3 - 16*f**2 + 13. Let r be i(16). Let a be 1 + -1 - (-1 - -6). Let n be a/(15/(-114)) + 1. Calculate the greatest common divisor of n and r.
13
Let v be 71/(-2) + (-41)/82. Let l(b) = -b**3 - 5*b**2 + b + 1. Let c be l(-3). Let j be c/6*v/8. What is the greatest common factor of 6 and j?
3
Let w(u) = u**2 - 8*u + 6. Let y be w(8). Let t = 10 - y. Suppose 0 = 3*x + 9, x - 14 - 7 = -t*h. Calculate the highest common factor of 60 and h.
6
Suppose 0 = i - 440 - 210. What is the highest common divisor of i and 50?
50
Let v(b) = -6*b - 3. Let c be v(-1). Suppose l = -2*n - 0*n + 3, -5*l + 15 = n. What is the highest common factor of l and c?
3
Suppose -4*w + 243 = 5*d, -3*w - 3*d + 89 = -97. Calculate the highest common factor of w and 871.
67
Suppose -2*w = 5*g - 4*w - 6, -4*w = 2*g - 12. Suppose -g*a + 7 + 13 = 0. Let j be 4 + 0/(2*-1). Calculate the greatest common factor of a and j.
2
Let s = 261 - 257. Calculate the highest common factor of 32 and s.
4
Let q be (13 + 261/(-21))/((-2)/(-28)). Calculate the greatest common factor of q and 72.
8
Suppose -6*r + 11*r - 3*z - 2890 = 0, 3*z = -15. Calculate the highest common factor of r and 50.
25
Let q(n) = 3*n**2 - 6*n + 7. Let l(d) = -4*d**2 + 6*d - 7. Let k(b) = 4*l(b) + 5*q(b). Let m be k(-5). What is the highest common divisor of 132 and m?
12
Let n be -3 + 1 + (-24)/(6 - 3). Let s = 11 + n. Calculate the greatest common factor of 8 and s.
1
Let t(o) = -1 - 12 - o**2 + 5 + 8*o - 1. Let w be t(3). Calculate the greatest common divisor of 9 and w.
3
Let h = 10 + 74. Let b(a) be the second derivative of -a**5/20 + a**4/3 + a**3/3 + 2*a**2 + a. Let g be b(4). What is the highest common factor of h and g?
12
Let p(u) = 2*u - 9. Let h(l) = 1. Let a(y) = -6*h(y) - p(y). Let r be a(-2). Suppose 0*t + 385 = 5*t. Calculate the greatest common divisor of r and t.
7
Let i be (-860)/(-6) - 2/6. Let t(k) = -140*k + 13. Let f be t(0). What is the highest common divisor of i and f?
13
Let y be (-19 - 0)*(6 - 1)*-1. What is the highest common divisor of y and 25?
5
Let k(z) = z**3 + 31*z**2 + 28*z + 60. Let t be k(-30). What is the highest common divisor of 30 and t?
30
Suppose -60*n + 1750 = 430. Calculate the highest common divisor of n and 880.
22
Let x be (-48)/(-160) - (-597)/10. Calculate the highest common factor of x and 444.
12
Let z(x) = -x - 10 + 0*x**2 + 5*x + x**2. Let l be 6/(-36) + (-59)/6. Let h be z(l). What is the highest common divisor of h and 20?
10
Let k(a) = -a**3 + 6*a**2 - 4*a. Let r be k(5). Suppose -v + 4*x = -48, -4*v + 138 = -3*x + r*x. Calculate the highest common divisor of v and 12.
12
Let g be (-8)/((-1)/(-13)*-1). Let j = -23 + 36. What is the greatest common divisor of j and g?
13
Let g = -174 - -480. Let f(v) = v**3 + 54*v**2 + 611*v + 132. Let j be f(-38). Calculate the greatest common divisor of g and j.
18
Let k = 7 + -2. Suppose 2*n - s = 2*s + 25, -75 = -k*n - 5*s. Suppose 5*w + 4*p = 91 + 197, w = -3*p + 62. Calculate the greatest common divisor of w and n.
14
Let m = -224 + 999. What is the greatest common factor of m and 31?
31
Let q be ((5 - -3) + 70)/(3 - 2). Let a be (2 - 2) + (-6)/(-3). Let v be ((-195)/a)/(3/(-6)). What is the greatest common factor of v and q?
39
Suppose 3*n = 69 - 288. Let w = n - -76. What is the greatest common factor of 24 and w?
3
Suppose 0*a = -3*a + 3. Let s be 2*((-62)/(-4) - a). Calculate the greatest common factor of s and 58.
29
Let g(w) = w**3 - 13*w**2 + 2*w - 7. Let c be g(13). What is the greatest common divisor of 133 and c?
19
Let g(k) = k**2 - 4. Let y be g(4). Suppose -n + 0*n + 99 = 0. Suppose -m + 3*q + n = 0, q + 380 = 4*m + 5*q. Calculate the highest common factor of m and y.
12
Let t be (100/6)/(207/27 - 7). What is the greatest common factor of t and 10?
5
Let x be (-3 + 2 + 0)*11. Let s = x + 27. What is the highest common divisor of s and 16?
16
Suppose u = -3*c - u + 2, c - 19 = 3*u. Suppose 5*w - c*k = 66, k + 10 = -w - 4*k. What is the highest common factor of 40 and w?
10
Let c be (-7)/((-76)/(-4617)*3/(-8)). Calculate the greatest common divisor of c and 14.
14
Let t = 425 - -555. Calculate the highest common factor of 20 and t.
20
Let q = -14 + 5. Let n(i) = -i - 5. Let m be n(q). Suppose -5*j = m*y - 112, -4*y + 2*j + j + 112 = 0. Calculate the highest common factor of 14 and y.
14
Let y = -82 + 122. Suppose 0 = 5*g - n - 503, 0 = -36*n + 38*n + 6. What is the greatest common factor of g and y?
20
Let x(f) = 36*f + 376. Let h be x(-10). What is the highest common factor of 86 and h?
2
Let a = 51 + -38. Suppose -t + 2 = t, 4*t - a = -i. What is the greatest common factor of i and 18?
9
Let b be (-8)/14 - (-16 - 1385/35). What is the highest common factor of 15 and b?
5
Let h(m) = m**3 + 8*m**2 + 18*m + 49. Let v be h(-6). What is the highest common divisor of v and 689?
13
Let d(k) = k**2 + 13*k + 37. Let h be d(-4). Calculate the highest common divisor of h and 40.
1
Let g = -7 - -7. Suppose g = -w + 3 - 4. Let z be w/2 - (-105)/10. What is the highest common divisor of 90 and z?
10
Let x = 54 + 106. Calculate the greatest common factor of x and 10.
10
Let g be ((-15)/(-10))/((-1)/(6/1)). Let j = -1 - g. Calculate the greatest common factor of j and 88.
8
Let l be 2*33/(-2)*76/(-114). Suppose 2*f = -0*m + 2*m - 98, -4*m - f + 171 = 0. What is the greatest common divisor of l and m?
22
Let y(t) = -t**3 - 16*t**2 - 30*t - 64. Let a be y(-16). What is the greatest common factor of a and 64?
32
Suppose -h - 3*h = 4*b - 2492, 4*b - 2520 = 3*h. Calculate the greatest common factor of 66 and b.
33
Suppose -16*k + 6 = -13*k. Let v be ((-27)/(-2))/(-9) - (-575)/k. What is the highest common factor of 26 and v?
26
Suppose -37*h + 189 = -30*h. What is the greatest common divisor of h and 198?
9
Let m = 61 - 21. Let t = m - 28. Suppose -2*p + 2*q = -t, -8*q = -3*q. Calculate the greatest common divisor of p and 48.
6
Let i be (-2)/9 + (-326)/(-27)*3. What is the highest common factor of 156 and i?
12
Suppose 0 = 3*n + 2*l - 8, -5*n + 3*l = -n - 5. Let v be 25 - 4/(-1 + n). Let i be 1400/v - (-4)/(-6). Calculate the greatest common divisor of i and 99.
33
Let a = -90 + 4